52857 prime?
True
Is 6895019 prime?
True
Is 132977827 prime?
False
Is 230841511 a prime number?
True
Is 13211623 a prime number?
True
Is 294624523 a prime number?
False
Is 1154790289 composite?
True
Is 377121 a prime number?
False
Is 1662439 a prime number?
True
Is 5051807 composite?
False
Is 4928843 a prime number?
False
Is 46910419 composite?
False
Is 12087107 a composite number?
False
Is 13357807 composite?
True
Is 9448589 a prime number?
True
Is 157432411 composite?
False
Is 52271603 prime?
False
Is 371158831 prime?
False
Is 11557417 prime?
False
Is 18632941 a prime number?
False
Is 51545521 composite?
True
Is 16311623 composite?
True
Is 653533915 prime?
False
Is 28551299 a prime number?
False
Is 49166119 a prime number?
False
Is 10747183 prime?
True
Is 1182163 a composite number?
True
Is 17411899 a composite number?
False
Is 924362 prime?
False
Is 1708339 prime?
True
Is 30973939 prime?
False
Is 49275209 a prime number?
False
Is 1313567 composite?
False
Is 17891639 prime?
False
Is 31556771 composite?
False
Is 79158853 a prime number?
True
Is 2406539 a prime number?
True
Is 115718011 a prime number?
True
Is 376704941 a prime number?
True
Is 63783283 a prime number?
False
Is 7309333 a composite number?
True
Is 864491 a composite number?
False
Is 419891 a composite number?
True
Is 94015367 prime?
True
Is 237701 composite?
False
Is 3750983 prime?
False
Is 6313067 a composite number?
False
Is 13486469 a composite number?
False
Is 26619767 composite?
True
Is 68280713 a prime number?
False
Is 4518231 composite?
True
Is 2926271 prime?
True
Is 233870657 a composite number?
False
Is 2008913 a prime number?
False
Is 5952433 composite?
False
Is 648971 composite?
False
Is 258197 a composite number?
False
Is 144452413 composite?
True
Is 4276127 composite?
True
Is 66192943 a composite number?
False
Is 38599987 composite?
True
Is 25394701 composite?
False
Is 50099639 composite?
False
Is 30551299 composite?
False
Is 420729814 a composite number?
True
Is 190308269 a composite number?
False
Is 28286738 a prime number?
False
Is 40316545 composite?
True
Is 17626649 a prime number?
True
Is 4144331 composite?
False
Is 23114911 composite?
False
Is 174959 a composite number?
False
Is 285355153 a composite number?
False
Is 4129457 a prime number?
False
Is 4564909 prime?
False
Is 36210223 a composite number?
True
Is 1915673 a composite number?
True
Is 47566781 a prime number?
True
Is 399324481 a composite number?
True
Is 2574094663 prime?
False
Is 634106489 prime?
False
Is 977378803 a prime number?
True
Is 3611 a prime number?
False
Is 127964809 a composite number?
True
Is 97837 composite?
True
Is 1237017 prime?
False
Is 246307 composite?
True
Is 124163 a composite number?
True
Is 262520413 a prime number?
False
Is 45028219 a composite number?
False
Is 7282117 a composite number?
True
Is 5991709 a prime number?
True
Is 76247953 composite?
False
Is 33606185 prime?
False
Is 606107 a prime number?
False
Is 7548063 a prime number?
False
Is 2183899 a composite number?
False
Is 137028011 a composite number?
False
Is 124508777 composite?
True
Is 12771527 a composite number?
False
Is 99333449 a prime number?
True
Is 22039931 prime?
False
Is 3041279 a prime number?
True
Is 10398641 composite?
True
Is 821335 a composite number?
True
Is 75515537 a composite number?
False
Is 1393559 a composite number?
False
Is 9843139 a composite number?
False
Is 216793 composite?
True
Is 998330259 a composite number?
True
Is 29789 prime?
True
Is 16446767 composite?
True
Is 16184983 composite?
False
Is 6587651 prime?
False
Is 2128891 a prime number?
True
Is 1617991 composite?
True
Is 5852225153 composite?
False
Is 927678871 a composite number?
True
Is 411510251 a prime number?
True
Is 4870577 prime?
False
Is 10619273 a composite number?
True
Is 2120483 composite?
True
Is 46418029 composite?
True
Is 1070014927 prime?
True
Is 641741 a prime number?
False
Is 55798507 a composite number?
False
Is 234499 a composite number?
False
Is 611411 prime?
True
Is 26820887 a prime number?
False
Is 3518231 composite?
False
Is 80318593 a prime number?
True
Is 6749879 a prime number?
False
Is 148739831 a prime number?
True
Is 1209400357 prime?
False
Is 472716499 a composite number?
False
Is 6130603 a composite number?
False
Is 3928577 composite?
False
Is 191669 prime?
True
Is 22914869 a prime number?
True
Is 13810183 prime?
False
Is 6115229 a composite number?
False
Is 34953929 prime?
True
Is 737958019 prime?
True
Is 18625741 prime?
True
Is 8904023 composite?
False
Is 44426227 composite?
True
Is 27955673 a prime number?
False
Is 253727353 a composite number?
True
Is 196518422 a composite number?
True
Is 58313627 a composite number?
False
Is 9118869 prime?
False
Is 6287833 a prime number?
False
Is 9586897 prime?
True
Is 786458719 prime?
False
Is 291779 a prime number?
True
Is 116452031 a prime number?
False
Is 27745013 a prime number?
True
Is 3697633 a composite number?
False
Is 30759293 prime?
False
Is 2073145 composite?
True
Is 406091 a prime number?
False
Is 340553089 composite?
False
Is 5179933 a prime number?
False
Is 210222823 prime?
True
Is 279586831 composite?
True
Is 180866863 prime?
False
Is 8861299 prime?
False
Is 2675609 composite?
False
Is 9732157 a composite number?
False
Is 7842073 prime?
True
Is 472153 prime?
False
Is 427121963 a prime number?
False
Is 1283831 composite?
False
Is 230327 composite?
False
Is 3205393 composite?
False
Is 10763673 a composite number?
True
Is 196159 a composite number?
False
Is 1103293237 a prime number?
True
Is 301619 prime?
True
Is 302308289 a prime number?
True
Is 14392771 prime?
False
Is 5052911 prime?
True
Is 165909587 a prime number?
True
Is 16259333 composite?
False
Is 108690899 prime?
True
Is 2072647 prime?
True
Is 2388189 a prime number?
False
Is 54317063 a prime number?
False
Is 78095683 prime?
True
Is 217959571 a prime number?
True
Is 967819 a composite number?
False
Is 13164686 a composite number?
True
Is 231411 a composite number?
True
Is 26447063 a composite number?
False
Is 149370973 prime?
False
Is 1198839 composite?
True
Is 22195843 prime?
False
Is 110026199 composite?
False
Is 5825947 a prime number?
True
Is 173242733 a prime number?
False
Is 561296777 a prime number?
False
Is 9429179 prime?
True
Is 12560563 prime?
True
Is 2882573 composite?
True
Is 39515561 composite?
False
Is 373823129 composite?
False
Is 19775917 a composite number?
True
Is 3293142823 a prime number?
True
Is 6708233 a prime number?
False
Is 721037 a composite number?
False
Is 115632497 composite?
False
Is 2493629 a prime number?
True
Is 2198342 a prime number?
False
Is 165020027 a composite number?
False
Is 1896017 prime?
True
Is 17629301 a composite number?
False
Is 32060387 prime?
True
Is 11933687 composite?
False
Is 229081 prime?
True
Is 25060757 composite?
True
Is 9993757 a composite number?
True
Is 241349847 composite?
True
Is 3744797 composite?
True
Is 1257599 a prime number?
False
Is 229207843 a prime number?
True
Is 78591503 composite?
True
Is 2158423 prime?
True
Is 562871 a prime number?
True
Is 78742679 prime?
True
Is 5368313 a prime number?
False
Is 4246147 composite?
False
Is 18991439 a prime number?
True
Is 180385811 prime?
True
Is 45174607 a prime number?
False
Is 8669281 a prime number?
False
Is 120097 a composite number?
False
Is 5905601 a composite number?
True
Is 11490259 prime?
False
Is 41580922 prime?
False
Is 20258339 composite?
True
Is 8528335 a composite number?
True
Is 41188351 prime?
True
Is 6480703 prime?
False
Is 3562913 composite?
False
Is 10465311 prime?
False
Is 44522837 a composite number?
False
Is 87788431 a prime number?
False
Is 50297149 composite?
True
Is 32612431 composite?
False
Is 224933377 composite?
False
Is 2742881 composite?
False
Is 31076351 prime?
True
Is 18521583 prime?
False
Is 4350851 composite?
True
Is 3557899 a prime number?
False
Is 533633 prime?
True
Is 308851513 a composite number?
False
Is 246299 a prime number?
False
Is 232069522 prime?
False
Is 133002029 a prime number?
True
Is 1511791 a prime number?
True
Is 7938023 a prime number?
True
Is 4848953 a composite number?
False
Is 5541829 prime?
False
Is 23592431 a composite number?
False
Is 214070063 a prime number?
True
Is 6187 a composite number?
True
Is 72263 a prime numbe